{"id":11796,"date":"2023-12-27T11:52:50","date_gmt":"2023-12-27T10:52:50","guid":{"rendered":"https:\/\/cirees-int.org\/?page_id=11796"},"modified":"2025-04-29T22:14:49","modified_gmt":"2025-04-29T20:14:49","slug":"a-propos","status":"publish","type":"page","link":"https:\/\/cirees-int.org\/index.php\/a-propos\/","title":{"rendered":"A propos"},"content":{"rendered":"\t\t<div data-elementor-type=\"wp-page\" data-elementor-id=\"11796\" class=\"elementor elementor-11796\">\n\t\t\t\t<div class=\"elementor-element elementor-element-e2400cb e-flex e-con-boxed e-con e-parent\" data-id=\"e2400cb\" data-element_type=\"container\">\n\t\t\t\t\t<div class=\"e-con-inner\">\n\t\t\t\t<div class=\"elementor-element elementor-element-33742bc elementor-widget elementor-widget-text-editor\" data-id=\"33742bc\" data-element_type=\"widget\" data-widget_type=\"text-editor.default\">\n\t\t\t\t<div class=\"elementor-widget-container\">\n\t\t\t\t\t\t\t<h4>Qui sommes nous ?<\/h4><p>Le Centre International de Recherche et d&rsquo;\u00c9tudes sur l\u2019\u00c9ducation et les Sciences est une institution \u00e9ducative et scientifique ind\u00e9pendante, fond\u00e9e en 2004 sur proposition d&rsquo;un groupe d&rsquo;experts et de sp\u00e9cialistes en \u00e9ducation et enseignement. Son si\u00e8ge principal est \u00e0 Paris, et plusieurs acteurs de l&rsquo;\u00e9ducation ont cr\u00e9\u00e9 un bureau \u00e0 Beyrouth, au Liban.<\/p>\t\t\t\t\t\t<\/div>\n\t\t\t\t<\/div>\n\t\t\t\t\t<\/div>\n\t\t\t\t<\/div>\n\t\t<div class=\"elementor-element elementor-element-0ef8d18 e-flex e-con-boxed e-con e-parent\" data-id=\"0ef8d18\" data-element_type=\"container\">\n\t\t\t\t\t<div class=\"e-con-inner\">\n\t\t\t\t<div class=\"elementor-element elementor-element-ba45208 elementor-widget elementor-widget-text-editor\" data-id=\"ba45208\" data-element_type=\"widget\" data-widget_type=\"text-editor.default\">\n\t\t\t\t<div class=\"elementor-widget-container\">\n\t\t\t\t\t\t\t<h4>Nos objectifs<\/h4><ul><li>Vulgariser et diffuser les id\u00e9es innovatrices dans les domaines \u00e9ducatifs,<br \/>p\u00e9dagogiques et scientifiques.<\/li><li>B\u00e2tir une vision \u00e9ducative et scientifique bas\u00e9e sur la coop\u00e9ration, le partage et<br \/>l\u2019\u00e9thique pour r\u00e9pondre aux besoins propres \u00e0 chaque soci\u00e9t\u00e9 et \u00e0 ses richesses<br \/>et particularismes locaux.<\/li><li>Proposer des \u00e9tudes, des recommandations et des solutions aux divers d\u00e9cideurs<br \/>ou institutions int\u00e9ress\u00e9s par l\u2019\u00e9ducation, la formation et la connaissance.<\/li><li>Raviver le patrimoine \u00e9ducatif et scientifique humain en encourageant les<br \/>\u00e9changes entre scientifiques, intellectuels et politiques soucieux du devenir et du<br \/>bien-\u00eatre humains.<\/li><li>Accompagner et orienter les \u00e9tudiants dans leurs cursus de mani\u00e8re \u00e0 int\u00e9grer la<br \/>dimension humaine et \u00e9thique dans leurs projets.<\/li><li>Chercher des partenaires qui \u0153uvrent dans les m\u00eames domaines et qui sont<br \/>anim\u00e9s par les valeurs du respect, de la solidarit\u00e9 et de l\u2019empathie.<\/li><li>Publier et traduire des ouvrages, des revues sp\u00e9cialis\u00e9s et des conf\u00e9rences ou<br \/>organis\u00e9es par le centre ou auxquelles le centre a contribu\u00e9.<\/li><\/ul>\t\t\t\t\t\t<\/div>\n\t\t\t\t<\/div>\n\t\t\t\t\t<\/div>\n\t\t\t\t<\/div>\n\t\t<div class=\"elementor-element elementor-element-5a3c339 e-flex e-con-boxed e-con e-parent\" data-id=\"5a3c339\" data-element_type=\"container\">\n\t\t\t\t\t<div class=\"e-con-inner\">\n\t\t\t\t<div class=\"elementor-element elementor-element-ee17d94 elementor-widget elementor-widget-text-editor\" data-id=\"ee17d94\" data-element_type=\"widget\" data-widget_type=\"text-editor.default\">\n\t\t\t\t<div class=\"elementor-widget-container\">\n\t\t\t\t\t\t\t<h4>Nous contacter<\/h4><p><strong>Adresse<\/strong> :<\/p><p>\u00a0\u00a0\u00a0\u00a0\u00a0 23\/25 Rue Jean-Jaques Rousseau<\/p><p>\u00a0\u00a0\u00a0\u00a0\u00a0 75001 Paris &#8211; France<\/p><p><strong>Email<\/strong> : direction <strong>[at]<\/strong> cirees-int.org<\/p>\t\t\t\t\t\t<\/div>\n\t\t\t\t<\/div>\n\t\t\t\t\t<\/div>\n\t\t\t\t<\/div>\n\t\t\t\t<\/div>\n\t\t","protected":false},"excerpt":{"rendered":"<p>Qui sommes nous ? Le Centre International de Recherche et d&rsquo;\u00c9tudes sur l\u2019\u00c9ducation et les Sciences est une institution \u00e9ducative et scientifique ind\u00e9pendante, fond\u00e9e en 2004 sur proposition d&rsquo;un groupe d&rsquo;experts et de sp\u00e9cialistes en \u00e9ducation et enseignement. Son si\u00e8ge principal est \u00e0 Paris, et plusieurs acteurs de l&rsquo;\u00e9ducation ont cr\u00e9\u00e9 un bureau \u00e0 Beyrouth, [&hellip;]<\/p>\n","protected":false},"author":1,"featured_media":12137,"parent":0,"menu_order":0,"comment_status":"closed","ping_status":"closed","template":"","meta":{"footnotes":""},"class_list":["post-11796","page","type-page","status-publish","has-post-thumbnail","hentry"],"_links":{"self":[{"href":"https:\/\/cirees-int.org\/index.php\/wp-json\/wp\/v2\/pages\/11796","targetHints":{"allow":["GET"]}}],"collection":[{"href":"https:\/\/cirees-int.org\/index.php\/wp-json\/wp\/v2\/pages"}],"about":[{"href":"https:\/\/cirees-int.org\/index.php\/wp-json\/wp\/v2\/types\/page"}],"author":[{"embeddable":true,"href":"https:\/\/cirees-int.org\/index.php\/wp-json\/wp\/v2\/users\/1"}],"replies":[{"embeddable":true,"href":"https:\/\/cirees-int.org\/index.php\/wp-json\/wp\/v2\/comments?post=11796"}],"version-history":[{"count":54,"href":"https:\/\/cirees-int.org\/index.php\/wp-json\/wp\/v2\/pages\/11796\/revisions"}],"predecessor-version":[{"id":12474,"href":"https:\/\/cirees-int.org\/index.php\/wp-json\/wp\/v2\/pages\/11796\/revisions\/12474"}],"wp:featuredmedia":[{"embeddable":true,"href":"https:\/\/cirees-int.org\/index.php\/wp-json\/wp\/v2\/media\/12137"}],"wp:attachment":[{"href":"https:\/\/cirees-int.org\/index.php\/wp-json\/wp\/v2\/media?parent=11796"}],"curies":[{"name":"wp","href":"https:\/\/api.w.org\/{rel}","templated":true}]}}